tors of 1901955175.
5, 127, 353, 1697
List the prime factors of 313334912.
2, 11, 139, 1601
What are the prime factors of 15358221?
3, 568823
What are the prime factors of 51590337?
3, 17196779
List the prime factors of 2657203614.
2, 3, 13, 11355571
What are the prime factors of 979983557?
7, 139997651
What are the prime factors of 78409311?
3, 26136437
List the prime factors of 332374019.
113, 2941363
What are the prime factors of 200745503?
7, 17, 53, 4547
List the prime factors of 138540497.
17, 107, 76163
List the prime factors of 2538893742.
2, 3, 7, 11, 829, 947
List the prime factors of 1042530.
2, 3, 5, 19, 31, 59
What are the prime factors of 118140225?
3, 5, 7, 17, 31, 61
List the prime factors of 263732440.
2, 5, 6593311
List the prime factors of 21645047.
19, 23, 49531
List the prime factors of 253496672.
2, 11, 13, 31, 1787
List the prime factors of 300922847.
300922847
What are the prime factors of 32061997?
11, 1543, 1889
List the prime factors of 118756003.
4967, 23909
What are the prime factors of 3249037557?
3, 337, 1071229
List the prime factors of 2437220104.
2, 11, 503, 55061
List the prime factors of 117051345.
3, 5, 67, 12941
List the prime factors of 3559042839.
3, 11, 23, 37, 126733
List the prime factors of 54706484.
2, 7, 1953803
List the prime factors of 1744513019.
1744513019
List the prime factors of 58823750.
2, 5, 47059
What are the prime factors of 2949665127?
3, 19, 53, 193, 5059
What are the prime factors of 179479109?
1399, 128291
What are the prime factors of 5607242533?
41, 136762013
What are the prime factors of 182171321?
313, 582017
What are the prime factors of 2931023683?
7, 97, 691, 6247
What are the prime factors of 105061228?
2, 26265307
What are the prime factors of 143674738?
2, 281, 255649
What are the prime factors of 518687013?
3, 13, 197, 67511
What are the prime factors of 8471921850?
2, 3, 5, 7, 2689499
What are the prime factors of 1196595174?
2, 3, 199432529
What are the prime factors of 1924206096?
2, 3, 41, 977747
What are the prime factors of 82417450?
2, 5, 1648349
What are the prime factors of 1699916324?
2, 151, 2814431
List the prime factors of 223022733.
3, 227, 327493
What are the prime factors of 87372233?
13, 6720941
What are the prime factors of 1879984074?
2, 3, 23, 13623073
What are the prime factors of 6205169?
89, 113, 617
What are the prime factors of 7599480799?
7599480799
What are the prime factors of 571109853?
3, 101, 1319, 1429
What are the prime factors of 166294918?
2, 17, 4891027
What are the prime factors of 2513803777?
71, 1327, 26681
What are the prime factors of 108555933?
3, 36185311
What are the prime factors of 1582206696?
2, 3, 7, 348811
What are the prime factors of 2091361866?
2, 3, 11, 31, 41, 107, 233
List the prime factors of 230565342.
2, 3, 7, 19, 288929
List the prime factors of 307878926.
2, 19, 179, 45263
List the prime factors of 821636615.
5, 37, 4441279
List the prime factors of 4171702075.
5, 5939, 28097
What are the prime factors of 12411997?
13, 19, 31, 1621
What are the prime factors of 885990447?
3, 31, 43, 103, 239
List the prime factors of 103316317.
13, 7947409
List the prime factors of 339447984.
2, 3, 23, 307471
List the prime factors of 178280272.
2, 163, 197, 347
List the prime factors of 2278869563.
1229, 1854247
List the prime factors of 80664300.
2, 3, 5, 89627
List the prime factors of 737239669.
11311, 65179
List the prime factors of 39560848.
2, 113, 21881
List the prime factors of 3094838449.
307, 647, 15581
What are the prime factors of 38186521?
38186521
What are the prime factors of 38267248?
2, 43, 55621
List the prime factors of 65148598.
2, 32574299
List the prime factors of 32184680.
2, 5, 11, 193, 379
List the prime factors of 1942772905.
5, 41, 9476941
List the prime factors of 325022891.
325022891
List the prime factors of 2986328264.
2, 139, 2685547
What are the prime factors of 272120472?
2, 3, 13, 32303
What are the prime factors of 385008739?
293, 1314023
What are the prime factors of 379581250?
2, 5, 60733
What are the prime factors of 953978302?
2, 313, 677, 2251
What are the prime factors of 675662806?
2, 7, 13, 461, 8053
What are the prime factors of 47085970?
2, 5, 113, 41669
What are the prime factors of 701108197?
61, 11493577
List the prime factors of 4557568.
2, 19, 937
What are the prime factors of 6085093446?
2, 3, 338060747
List the prime factors of 6059396.
2, 7, 23, 97
What are the prime factors of 113999517?
3, 71, 178403
What are the prime factors of 32968122?
2, 3, 11, 79, 6323
What are the prime factors of 166479639?
3, 41, 73, 18541
List the prime factors of 882751259.
13, 73, 930191
List the prime factors of 265954484.
2, 43, 1546247
What are the prime factors of 1758739966?
2, 137, 6418759
What are the prime factors of 999006250?
2, 5, 11, 1321
List the prime factors of 61867726.
2, 17, 113, 16103
What are the prime factors of 63954039?
3, 103, 139, 1489
List the prime factors of 294687243.
3, 433, 75619
What are the prime factors of 2491217421?
3, 7, 11, 29, 257, 1447
List the prime factors of 39785163.
3, 11, 127, 863
What are the prime factors of 87823055?
5, 131, 134081
List the prime factors of 1472463894.
2, 3, 11, 22310059
List the prime factors of 57587573.
57587573
List the prime factors of 51338831.
1657, 30983
What are the prime factors of 642440929?
13, 49418533
What are the prime factors of 1155696932?
2, 13, 22224941
List the prime factors of 112036027.
19, 43, 137131
What are the prime factors of 2063205862?
2, 73, 14131547
List the prime factors of 15029977.
223, 67399
List the prime factors of 2122911023.
17, 463, 269713
What are the prime factors of 94419915?
3, 5, 1187, 5303
What are the prime factors of 150495805?
5, 30099161
What are the prime factors of 2059760224?
2, 499, 128993
List the prime factors of 22589731.
31, 728701
List the prime factors of 5058636211.
41, 67, 1841513
List the prime factors of 6250381318.
2, 3125190659
What are the prime factors of 897176788?
2, 283, 792559
What are the prime factors of 4294290?
2, 3, 5, 7, 11, 13
List the prime factors of 16698671.
11, 1518061
List the prime factors of 410880335.
5, 6133, 13399
List the prime factors of 228277909.
228277909
List the prime factors of 258779424.
2, 3, 2695619
What are the prime factors of 130719565?
5, 4447, 5879
List the prime factors of 308074505.
5, 61614901
List the prime factors of 101664411.
3, 197, 172021
What are the prime factors of 101342642?
2, 163, 310867
What are the prime factors of 34065066?
2, 3, 7, 59, 233
List the prime factors of 66109424.
2, 4131839
List the prime factors of 9895654.
2, 1213, 4079
What are the prime factors of 19753117?
223, 283, 313
What are the prime factors of 1423023216?
2, 3, 17, 503, 3467
List the prime factors of 73376499.
3, 7, 19, 9679
List the prime factors of 4190457598.
2, 5749, 364451
What are the prime factors of 335079587?
179, 521, 3593
List the prime factors of 33476175.
3, 5, 148783
List the prime factors of 172304141.
19, 9068639
List the prime factors of 768608692.
2, 17, 29, 389761
What are the prime factors of 2403905401?
4349, 552749
What are the prime factors of 1404729920?
2, 5, 11, 399071
What are the prime factors of 734196419?
11, 6067739
List the prime factors of 17531697.
3, 1613, 3623
List the prime factors of 5486752529.
21191, 258919
What are the prime factors of 353821102?
2, 17, 89, 116927
What are the prime factors of 1279858?
2, 23, 27823
What are the prime factors of 92115127?
13, 7085779
List the prime factors of 1075396770.
2, 3, 5, 7, 19, 29947
List the prime factors of 358035375.
3, 5, 107, 8923
List the prime factors of 196153705.
5, 11, 349, 929
List the prime factors of 75924115.
5, 31, 489833
List the prime factors of 492326740.
2, 5, 24616337
What are the prime factors of 9284806?
2, 19, 163, 1499
List the prime factors of 38099172.
2, 3, 79, 40189
List the prime factors of 75533897.
75533897
List the prime factors of 35779724.
2, 59, 151609
List the prime factors of 1087262212.
2, 151, 1800103
What are the prime factors of 4469147?
17, 151, 1741
What are the prime factors of 46608254?
2, 7, 11, 17, 19, 937
List the prime factors of 165861871.
7, 23694553
What are the prime factors of 5987102968?
2, 7, 1